891
List the prime factors of 323139059.
277, 1166567
List the prime factors of 311688976.
2, 59, 73, 4523
What are the prime factors of 491862766?
2, 19, 929, 13933
What are the prime factors of 35669768?
2, 29, 153749
List the prime factors of 3658013431.
47, 1655959
What are the prime factors of 333121341?
3, 7, 17, 131, 419
List the prime factors of 166286262.
2, 3, 73, 379649
What are the prime factors of 94195120?
2, 5, 23, 51193
What are the prime factors of 50145637?
601, 83437
What are the prime factors of 246635786?
2, 123317893
What are the prime factors of 602038310?
2, 5, 60203831
List the prime factors of 384297127.
384297127
What are the prime factors of 258401157?
3, 7, 197, 8923
What are the prime factors of 219744494?
2, 109872247
What are the prime factors of 18125238?
2, 3, 3020873
What are the prime factors of 1948539317?
31, 3779, 16633
List the prime factors of 1214550344.
2, 7, 1093, 19843
List the prime factors of 102802930.
2, 5, 10280293
List the prime factors of 314381.
17, 18493
List the prime factors of 3280038323.
43, 359, 212479
List the prime factors of 782173498.
2, 877, 445937
List the prime factors of 104167515.
3, 5, 6944501
List the prime factors of 108969576.
2, 3, 1087, 4177
List the prime factors of 107495292.
2, 3, 83, 107927
What are the prime factors of 17451944?
2, 1471, 1483
List the prime factors of 881168144.
2, 239, 230431
What are the prime factors of 75580454?
2, 383, 98669
List the prime factors of 49551179.
43, 173, 6661
List the prime factors of 69762374.
2, 11, 3171017
What are the prime factors of 787752094?
2, 2591, 152017
List the prime factors of 1196509915.
5, 139, 367, 4691
List the prime factors of 3325884980.
2, 5, 11, 15117659
What are the prime factors of 454757166?
2, 3, 31, 83, 1091
List the prime factors of 708184857.
3, 236061619
List the prime factors of 19577473.
19577473
What are the prime factors of 2835715075?
5, 163, 695881
What are the prime factors of 41752347?
3, 7, 13, 152939
List the prime factors of 6685421816.
2, 353, 509, 4651
List the prime factors of 3040635635.
5, 487, 1248721
What are the prime factors of 756066846?
2, 3, 4157, 30313
What are the prime factors of 9827141?
23, 191, 2237
What are the prime factors of 1575847804?
2, 393961951
List the prime factors of 326977284.
2, 3, 4657, 5851
What are the prime factors of 204485292?
2, 3, 11, 516377
List the prime factors of 151707790.
2, 5, 13, 41, 28463
What are the prime factors of 160759424?
2, 7, 59, 3041
List the prime factors of 211038396.
2, 3, 19, 925607
What are the prime factors of 10726482?
2, 3, 13, 137519
What are the prime factors of 53019848?
2, 7, 946783
What are the prime factors of 1622999360?
2, 5, 5071873
What are the prime factors of 7289392?
2, 11, 83, 499
What are the prime factors of 356600656?
2, 47, 227, 2089
What are the prime factors of 1104567911?
17, 64974583
List the prime factors of 88434712.
2, 11054339
List the prime factors of 73984234.
2, 193, 191669
What are the prime factors of 1508967444?
2, 3, 41, 3067007
List the prime factors of 183767351.
79, 109, 21341
List the prime factors of 156001395.
3, 5, 11, 945463
What are the prime factors of 763983623?
13, 31, 43, 44087
List the prime factors of 3659984.
2, 31, 47, 157
What are the prime factors of 108361221?
3, 36120407
List the prime factors of 57294668.
2, 14323667
What are the prime factors of 1986640574?
2, 993320287
List the prime factors of 49631474.
2, 24815737
What are the prime factors of 227842453?
41, 5557133
List the prime factors of 662432303.
13, 97, 599, 877
What are the prime factors of 570313390?
2, 5, 53, 1076063
What are the prime factors of 171532662?
2, 3, 7, 389, 10499
List the prime factors of 803064.
2, 3, 33461
What are the prime factors of 1589836735?
5, 457, 695771
List the prime factors of 58067135.
5, 7, 19, 29, 3011
What are the prime factors of 2592453592?
2, 2789, 116191
What are the prime factors of 3641162439?
3, 569, 1423, 1499
What are the prime factors of 1205310625?
5, 17, 6673
List the prime factors of 1649389142.
2, 47, 17546693
List the prime factors of 150797821.
23, 1979, 3313
What are the prime factors of 617753153?
617753153
What are the prime factors of 220925523?
3, 7, 13, 17, 181, 263
List the prime factors of 100278749.
100278749
What are the prime factors of 2365936?
2, 29, 5099
List the prime factors of 161812036.
2, 2459, 16451
List the prime factors of 3730912884.
2, 3, 19, 229, 23819
What are the prime factors of 1680160136?
2, 47, 509, 8779
What are the prime factors of 372303214?
2, 19, 1223, 8011
List the prime factors of 142369030.
2, 5, 137, 103919
List the prime factors of 367979526.
2, 3, 241, 84827
What are the prime factors of 2822089676?
2, 7, 97, 641, 1621
What are the prime factors of 438326943?
3, 146108981
List the prime factors of 91674571.
91674571
What are the prime factors of 22197693?
3, 7, 1057033
What are the prime factors of 182371271?
6449, 28279
List the prime factors of 376102297.
376102297
List the prime factors of 89651558.
2, 71, 769, 821
What are the prime factors of 147564941?
23, 1061, 6047
List the prime factors of 409136635.
5, 81827327
What are the prime factors of 74280493?
7, 61, 73, 2383
List the prime factors of 161286995.
5, 2423, 13313
What are the prime factors of 536161133?
19, 28219007
What are the prime factors of 733467403?
733467403
What are the prime factors of 535689016?
2, 241, 277847
What are the prime factors of 971478937?
11, 13, 6793559
What are the prime factors of 746625064?
2, 19, 4912007
What are the prime factors of 71693015?
5, 67, 214009
List the prime factors of 335861395.
5, 37, 1815467
List the prime factors of 205996345.
5, 479, 86011
List the prime factors of 36099246.
2, 3, 6016541
List the prime factors of 106445805.
3, 5, 29, 244703
What are the prime factors of 151754181?
3, 43, 79, 14891
List the prime factors of 244248010.
2, 5, 17, 281, 5113
List the prime factors of 1879540742.
2, 939770371
List the prime factors of 445150788.
2, 3, 73, 547, 929
List the prime factors of 12116659.
12116659
List the prime factors of 43462081.
13, 17, 196661
List the prime factors of 1623516.
2, 3, 193, 701
What are the prime factors of 396043385?
5, 47, 181, 9311
List the prime factors of 14704219.
1237, 11887
What are the prime factors of 208195530?
2, 3, 5, 1091, 6361
What are the prime factors of 687029934?
2, 3, 114504989
List the prime factors of 72338495.
5, 14467699
List the prime factors of 249079854.
2, 3, 19, 31, 70481
List the prime factors of 636434346.
2, 3, 7129, 14879
What are the prime factors of 53249639?
383, 139033
List the prime factors of 414661293.
3, 46073477
List the prime factors of 2595826858.
2, 281, 1277, 3617
List the prime factors of 50179423.
7, 7168489
List the prime factors of 146337729.
3, 43, 223, 5087
What are the prime factors of 526813929?
3, 47, 415141
What are the prime factors of 1878755?
5, 17, 23, 31
What are the prime factors of 1524198420?
2, 3, 5, 8467769
List the prime factors of 521733144.
2, 3, 509, 42709
What are the prime factors of 817484614?
2, 19, 53, 405901
List the prime factors of 3926930910.
2, 3, 5, 7, 2671, 7001
List the prime factors of 5553617308.
2, 1549, 896323
List the prime factors of 970025860.
2, 5, 48501293
List the prime factors of 99773852.
2, 1579, 15797
List the prime factors of 19169551.
29, 661019
List the prime factors of 12443879.
7, 19, 93563
List the prime factors of 1812852614.
2, 906426307
List the prime factors of 793689285.
3, 5, 17, 3112507
What are the prime factors of 184907833?
11, 23, 37, 19753
List the prime factors of 896309541.
3, 31, 167, 19237
List the prime factors of 6479658066.
2, 3, 7, 1181, 130633
What are the prime factors of 2848561164?
2, 3, 61, 607, 2137
List the prime factors of 631455537.
3, 12343, 17053
List the prime factors of 246493501.
43, 5732407
List the prime factors of 3183167.
13, 244859
List the prime factors of 2139901256.
2, 1049, 254993
List the prime factors of 3103391799.
3, 59, 649381
List the prime factors of 285097941.
3, 149, 70867
What are the prime factors of 8970449?
8970449
What are the prime factors of 393277789?
19, 911, 22721
List the prime factors of 10687628.
2, 7, 17, 22453
Li